67.174.245.138 - - [27/Apr/2006:21:07:52 -0700] "GET /images/rainfstx.jpg HTTP/1.1" 200 3272 "http://www.mjt.org/exhibits/bees/bees.html" "Mozilla/4.0 (compatible; MSIE 6.0; Windows NT 5.1; .NET CLR 1.1.4322)" "www.mjt.org"
67.174.245.138 - - [27/Apr/2006:21:07:52 -0700] "GET /images/behive1x.jpg HTTP/1.1" 200 2971 "http://www.mjt.org/exhibits/bees/bees.html" "Mozilla/4.0 (compatible; MSIE 6.0; Windows NT 5.1; .NET CLR 1.1.4322)" "www.mjt.org"
72.30.103.202 - - [27/Apr/2006:21:09:58 -0700] "GET /shop/temp/?N=A HTTP/1.0" 200 2311 "-" "Mozilla/5.0 (compatible; Yahoo! Slurp; http://help.yahoo.com/help/us/ysearch/slurp)" "www.mjt.org"
72.30.132.227 - - [27/Apr/2006:21:10:25 -0700] "GET /exhibits/Contribute/?N=A HTTP/1.0" 200 1778 "-" "Mozilla/5.0 (compatible; Yahoo! Slurp; http://help.yahoo.com/help/us/ysearch/slurp)" "www.mjt.org"
66.249.66.100 - - [27/Apr/2006:21:13:07 -0700] "GET /vistinfo/shopdine.html HTTP/1.1" 304 - "-" "Mozilla/5.0 (compatible; Googlebot/2.1; +http://www.google.com/bot.html)" "www.mjt.org"
66.249.66.100 - - [27/Apr/2006:21:13:07 -0700] "GET /exhibits/gallery1.html HTTP/1.1" 304 - "-" "Mozilla/5.0 (compatible; Googlebot/2.1; +http://www.google.com/bot.html)" "www.mjt.org"
66.249.66.100 - - [27/Apr/2006:21:13:11 -0700] "GET /exhibits/gallery1.html HTTP/1.1" 200 2130 "-" "Mozilla/5.0 (compatible; Googlebot/2.1; +http://www.google.com/bot.html)" "www.mjt.org"
66.249.66.100 - - [27/Apr/2006:21:13:12 -0700] "GET /thumguid/tg6.html HTTP/1.1" 304 - "-" "Mozilla/5.0 (compatible; Googlebot/2.1; +http://www.google.com/bot.html)" "www.mjt.org"
66.249.66.100 - - [27/Apr/2006:21:13:13 -0700] "GET /exhibits/coolidgebust.html HTTP/1.1" 200 3227 "-" "Mozilla/5.0 (compatible; Googlebot/2.1; +http://www.google.com/bot.html)" "www.mjt.org"
66.249.66.100 - - [27/Apr/2006:21:13:13 -0700] "GET /membship/mem_sup.html HTTP/1.1" 200 2492 "-" "Mozilla/5.0 (compatible; Googlebot/2.1; +http://www.google.com/bot.html)" "www.mjt.org"
66.249.66.100 - - [27/Apr/2006:21:13:15 -0700] "GET /exhibits/depmori/depmori.html HTTP/1.1" 304 - "-" "Mozilla/5.0 (compatible; Googlebot/2.1; +http://www.google.com/bot.html)" "www.mjt.org"
66.249.66.100 - - [27/Apr/2006:21:13:15 -0700] "GET /miva?/Merchant2/merchant.mv+Screen=SFNT&Store_Code=TMOJT HTTP/1.1" 404 363 "-" "Mozilla/5.0 (compatible; Googlebot/2.1; +http://www.google.com/bot.html)" "www.mjt.org"
66.249.66.100 - - [27/Apr/2006:21:13:15 -0700] "GET /thumguid/tg1.html HTTP/1.1" 304 - "-" "Mozilla/5.0 (compatible; Googlebot/2.1; +http://www.google.com/bot.html)" "www.mjt.org"
66.249.66.100 - - [27/Apr/2006:21:13:16 -0700] "GET /exhibits/sonabend.html HTTP/1.1" 304 - "-" "Mozilla/5.0 (compatible; Googlebot/2.1; +http://www.google.com/bot.html)" "www.mjt.org"
66.249.66.100 - - [27/Apr/2006:21:13:16 -0700] "GET /thumguid/tg5.html HTTP/1.1" 200 4146 "-" "Mozilla/5.0 (compatible; Googlebot/2.1; +http://www.google.com/bot.html)" "www.mjt.org"
66.249.66.100 - - [27/Apr/2006:21:13:16 -0700] "GET /exhibits/bigbabel.html HTTP/1.1" 200 1345 "-" "Mozilla/5.0 (compatible; Googlebot/2.1; +http://www.google.com/bot.html)" "www.mjt.org"
66.249.66.100 - - [27/Apr/2006:21:13:16 -0700] "GET /membship/mem_act.html HTTP/1.1" 304 - "-" "Mozilla/5.0 (compatible; Googlebot/2.1; +http://www.google.com/bot.html)" "www.mjt.org"
66.249.66.100 - - [27/Apr/2006:21:13:17 -0700] "GET /exhibits/Gprophorn.html HTTP/1.1" 200 3237 "-" "Mozilla/5.0 (compatible; Googlebot/2.1; +http://www.google.com/bot.html)" "www.mjt.org"
66.249.66.100 - - [27/Apr/2006:21:13:17 -0700] "GET /vistinfo/vistinfo.html HTTP/1.1" 304 - "-" "Mozilla/5.0 (compatible; Googlebot/2.1; +http://www.google.com/bot.html)" "www.mjt.org"
66.249.66.100 - - [27/Apr/2006:21:13:17 -0700] "GET /intro/genbroch.html HTTP/1.1" 304 - "-" "Mozilla/5.0 (compatible; Googlebot/2.1; +http://www.google.com/bot.html)" "www.mjt.org"
66.249.66.100 - - [27/Apr/2006:21:13:18 -0700] "GET /exhibits/oracle.html HTTP/1.1" 304 - "-" "Mozilla/5.0 (compatible; Googlebot/2.1; +http://www.google.com/bot.html)" "www.mjt.org"
66.249.66.100 - - [27/Apr/2006:21:13:18 -0700] "GET /exhibits/eustace.html HTTP/1.1" 200 3517 "-" "Mozilla/5.0 (compatible; Googlebot/2.1; +http://www.google.com/bot.html)" "www.mjt.org"
66.249.66.100 - - [27/Apr/2006:21:13:18 -0700] "GET /exhibits/sunflower.html HTTP/1.1" 304 - "-" "Mozilla/5.0 (compatible; Googlebot/2.1; +http://www.google.com/bot.html)" "www.mjt.org"
66.249.66.100 - - [27/Apr/2006:21:13:18 -0700] "GET /exhibits/fombum.html HTTP/1.1" 304 - "-" "Mozilla/5.0 (compatible; Googlebot/2.1; +http://www.google.com/bot.html)" "www.mjt.org"
66.249.66.100 - - [27/Apr/2006:21:13:18 -0700] "GET /exhibits/magnes.html HTTP/1.1" 304 - "-" "Mozilla/5.0 (compatible; Googlebot/2.1; +http://www.google.com/bot.html)" "www.mjt.org"
66.249.66.100 - - [27/Apr/2006:21:13:18 -0700] "GET /exhibits/hieroglyphs.htm HTTP/1.1" 200 3060 "-" "Mozilla/5.0 (compatible; Googlebot/2.1; +http://www.google.com/bot.html)" "www.mjt.org"
66.249.66.100 - - [27/Apr/2006:21:13:18 -0700] "GET /exhibits/babel.htm HTTP/1.1" 200 2705 "-" "Mozilla/5.0 (compatible; Googlebot/2.1; +http://www.google.com/bot.html)" "www.mjt.org"
66.249.66.100 - - [27/Apr/2006:21:13:18 -0700] "GET /exhibits/oracle.htm HTTP/1.1" 200 3449 "-" "Mozilla/5.0 (compatible; Googlebot/2.1; +http://www.google.com/bot.html)" "www.mjt.org"
66.249.66.100 - - [27/Apr/2006:21:13:18 -0700] "GET /exhibits/fombum.htm HTTP/1.1" 200 3511 "-" "Mozilla/5.0 (compatible; Googlebot/2.1; +http://www.google.com/bot.html)" "www.mjt.org"
66.249.66.100 - - [27/Apr/2006:21:13:18 -0700] "GET /exhibits/prophorn.htm HTTP/1.1" 200 2688 "-" "Mozilla/5.0 (compatible; Googlebot/2.1; +http://www.google.com/bot.html)" "www.mjt.org"
66.249.66.100 - - [27/Apr/2006:21:13:18 -0700] "GET /intro/tomb.htm HTTP/1.1" 304 - "-" "Mozilla/5.0 (compatible; Googlebot/2.1; +http://www.google.com/bot.html)" "www.mjt.org"
66.249.66.100 - - [27/Apr/2006:21:13:18 -0700] "GET /intro/egg_1.htm HTTP/1.1" 404 363 "-" "Mozilla/5.0 (compatible; Googlebot/2.1; +http://www.google.com/bot.html)" "www.mjt.org"
66.249.66.100 - - [27/Apr/2006:21:13:18 -0700] "GET /intro/economic.htm HTTP/1.1" 200 1669 "-" "Mozilla/5.0 (compatible; Googlebot/2.1; +http://www.google.com/bot.html)" "www.mjt.org"
66.249.66.100 - - [27/Apr/2006:21:13:18 -0700] "GET /intro/glove_1.htm HTTP/1.1" 404 363 "-" "Mozilla/5.0 (compatible; Googlebot/2.1; +http://www.google.com/bot.html)" "www.mjt.org"
66.249.66.100 - - [27/Apr/2006:21:13:18 -0700] "GET /intro/loyalty.htm HTTP/1.1" 304 - "-" "Mozilla/5.0 (compatible; Googlebot/2.1; +http://www.google.com/bot.html)" "www.mjt.org"
66.249.66.100 - - [27/Apr/2006:21:13:18 -0700] "GET /intro/glovemod.htm HTTP/1.1" 404 363 "-" "Mozilla/5.0 (compatible; Googlebot/2.1; +http://www.google.com/bot.html)" "www.mjt.org"
66.249.66.100 - - [27/Apr/2006:21:13:19 -0700] "GET /intro/emotionl.htm HTTP/1.1" 304 - "-" "Mozilla/5.0 (compatible; Googlebot/2.1; +http://www.google.com/bot.html)" "www.mjt.org"
66.249.66.100 - - [27/Apr/2006:21:13:19 -0700] "GET /intro/talisman.htm HTTP/1.1" 200 2040 "-" "Mozilla/5.0 (compatible; Googlebot/2.1; +http://www.google.com/bot.html)" "www.mjt.org"
66.249.66.100 - - [27/Apr/2006:21:13:19 -0700] "GET /intro/loyalty.htm HTTP/1.1" 200 1857 "-" "Mozilla/5.0 (compatible; Googlebot/2.1; +http://www.google.com/bot.html)" "www.mjt.org"
66.249.66.100 - - [27/Apr/2006:21:13:19 -0700] "GET /intro/alxandra.htm HTTP/1.1" 200 1942 "-" "Mozilla/5.0 (compatible; Googlebot/2.1; +http://www.google.com/bot.html)" "www.mjt.org"
66.249.66.100 - - [27/Apr/2006:21:13:19 -0700] "GET /intro/emotionl.htm HTTP/1.1" 200 2006 "-" "Mozilla/5.0 (compatible; Googlebot/2.1; +http://www.google.com/bot.html)" "www.mjt.org"
66.249.66.100 - - [27/Apr/2006:21:13:23 -0700] "GET /intro/cognsent.html HTTP/1.1" 304 - "-" "Mozilla/5.0 (compatible; Googlebot/2.1; +http://www.google.com/bot.html)" "www.mjt.org"
66.249.66.100 - - [27/Apr/2006:21:13:23 -0700] "GET /intro/alxandra.html HTTP/1.1" 304 - "-" "Mozilla/5.0 (compatible; Googlebot/2.1; +http://www.google.com/bot.html)" "www.mjt.org"
66.249.66.100 - - [27/Apr/2006:21:13:23 -0700] "GET /vistinfo/location.html HTTP/1.1" 304 - "-" "Mozilla/5.0 (compatible; Googlebot/2.1; +http://www.google.com/bot.html)" "www.mjt.org"
66.249.66.100 - - [27/Apr/2006:21:13:23 -0700] "GET /intro/loyalty.html HTTP/1.1" 304 - "-" "Mozilla/5.0 (compatible; Googlebot/2.1; +http://www.google.com/bot.html)" "www.mjt.org"
66.249.66.100 - - [27/Apr/2006:21:13:23 -0700] "GET /intro/economic.html HTTP/1.1" 304 - "-" "Mozilla/5.0 (compatible; Googlebot/2.1; +http://www.google.com/bot.html)" "www.mjt.org"
66.249.66.100 - - [27/Apr/2006:21:13:23 -0700] "GET /exhibits/gallery5.html HTTP/1.1" 304 - "-" "Mozilla/5.0 (compatible; Googlebot/2.1; +http://www.google.com/bot.html)" "www.mjt.org"
66.249.66.100 - - [27/Apr/2006:21:13:24 -0700] "GET /exhibits/gallery3.html HTTP/1.1" 304 - "-" "Mozilla/5.0 (compatible; Googlebot/2.1; +http://www.google.com/bot.html)" "www.mjt.org"
66.249.66.100 - - [27/Apr/2006:21:13:24 -0700] "GET /intro/egg_1.html HTTP/1.1" 304 - "-" "Mozilla/5.0 (compatible; Googlebot/2.1; +http://www.google.com/bot.html)" "www.mjt.org"
66.249.66.100 - - [27/Apr/2006:21:13:24 -0700] "GET /exhibits/gallery2.html HTTP/1.1" 200 1822 "-" "Mozilla/5.0 (compatible; Googlebot/2.1; +http://www.google.com/bot.html)" "www.mjt.org"
61.29.76.194 - - [27/Apr/2006:21:23:08 -0700] "GET /images/hometrn3.gif HTTP/1.1" 200 27337 "http://udell.infoworld.com:8004/?q=gmail" "Mozilla/5.0 (Windows; U; Windows NT 5.1; en-US; rv:1.8.0.2) Gecko/20060308 Firefox/1.5.0.2" "www.mjt.org"
207.200.116.12 - - [27/Apr/2006:21:24:31 -0700] "GET / HTTP/1.0" 200 3660 "-" "Mozilla/4.0 (compatible; MSIE 5.5; AOL 8.0; Windows 98)" "mjt.org"
207.200.116.202 - - [27/Apr/2006:21:24:36 -0700] "GET /images/lefthans.gif HTTP/1.0" 200 9582 "http://mjt.org/" "Mozilla/4.0 (compatible; MSIE 5.5; AOL 8.0; Windows 98)" "mjt.org"
207.200.116.11 - - [27/Apr/2006:21:24:37 -0700] "GET /images/ritehans.gif HTTP/1.0" 200 9176 "http://mjt.org/" "Mozilla/4.0 (compatible; MSIE 5.5; AOL 8.0; Windows 98)" "mjt.org"
207.200.116.198 - - [27/Apr/2006:21:24:44 -0700] "GET /images/mothicon.gif HTTP/1.0" 200 3768 "http://mjt.org/" "Mozilla/4.0 (compatible; MSIE 5.5; AOL 8.0; Windows 98)" "mjt.org"
207.200.116.72 - - [27/Apr/2006:21:24:44 -0700] "GET /images/arkicon2.gif HTTP/1.0" 200 3621 "http://mjt.org/" "Mozilla/4.0 (compatible; MSIE 5.5; AOL 8.0; Windows 98)" "mjt.org"
207.200.116.139 - - [27/Apr/2006:21:24:44 -0700] "GET /images/mrjicon3.gif HTTP/1.0" 200 4161 "http://mjt.org/" "Mozilla/4.0 (compatible; MSIE 5.5; AOL 8.0; Windows 98)" "mjt.org"
216.176.69.114 - - [27/Apr/2006:21:24:51 -0700] "GET /images/back_blu.gif HTTP/1.1" 200 4067 "http://www.mjt.org/" "Mozilla/4.0 (compatible; MSIE 6.0; Windows NT 5.1; SV1; .NET CLR 1.0.3705; .NET CLR 1.1.4322; Media Center PC 4.0)" "www.mjt.org"
216.176.69.114 - - [27/Apr/2006:21:24:52 -0700] "GET /images/ritehans.gif HTTP/1.1" 200 9176 "http://www.mjt.org/" "Mozilla/4.0 (compatible; MSIE 6.0; Windows NT 5.1; SV1; .NET CLR 1.0.3705; .NET CLR 1.1.4322; Media Center PC 4.0)" "www.mjt.org"
207.200.116.73 - - [27/Apr/2006:21:25:06 -0700] "GET /exhibits/exhibitsnew.html HTTP/1.0" 200 3358 "http://mjt.org/" "Mozilla/4.0 (compatible; MSIE 5.5; AOL 8.0; Windows 98)" "mjt.org"
207.200.116.71 - - [27/Apr/2006:21:25:08 -0700] "GET /images/knowicon.gif HTTP/1.0" 200 3663 "http://mjt.org/exhibits/exhibitsnew.html" "Mozilla/4.0 (compatible; MSIE 5.5; AOL 8.0; Windows 98)" "mjt.org"
207.200.116.199 - - [27/Apr/2006:21:25:09 -0700] "GET /images/backgrn3.gif HTTP/1.0" 200 3754 "http://mjt.org/exhibits/exhibitsnew.html" "Mozilla/4.0 (compatible; MSIE 5.5; AOL 8.0; Windows 98)" "mjt.org"
207.200.116.195 - - [27/Apr/2006:21:25:09 -0700] "GET /images/coneicon.gif HTTP/1.0" 200 2585 "http://mjt.org/exhibits/exhibitsnew.html" "Mozilla/4.0 (compatible; MSIE 5.5; AOL 8.0; Windows 98)" "mjt.org"
207.200.116.9 - - [27/Apr/2006:21:25:11 -0700] "GET /images/trailericon.gif HTTP/1.0" 200 6211 "http://mjt.org/exhibits/exhibitsnew.html" "Mozilla/4.0 (compatible; MSIE 5.5; AOL 8.0; Windows 98)" "mjt.org"
207.200.116.13 - - [27/Apr/2006:21:25:11 -0700] "GET /napoleon/busthumb.gif HTTP/1.0" 200 5670 "http://mjt.org/exhibits/exhibitsnew.html" "Mozilla/4.0 (compatible; MSIE 5.5; AOL 8.0; Windows 98)" "mjt.org"
207.200.116.132 - - [27/Apr/2006:21:25:14 -0700] "GET /images/hestericon.gif HTTP/1.0" 200 4740 "http://mjt.org/exhibits/exhibitsnew.html" "Mozilla/4.0 (compatible; MSIE 5.5; AOL 8.0; Windows 98)" "www.mjt.org"
61.29.76.194 - - [27/Apr/2006:21:25:18 -0700] "GET /images/hometrn3.gif HTTP/1.1" 206 25009 "http://udell.infoworld.com:8004/?q=gmail" "Mozilla/5.0 (Windows; U; Windows NT 5.1; en-US; rv:1.8.0.2) Gecko/20060308 Firefox/1.5.0.2" "www.mjt.org"
65.54.188.68 - - [27/Apr/2006:21:25:29 -0700] "GET /intro/genbroch.html HTTP/1.0" 200 9347 "-" "msnbot/1.0 (+http://search.msn.com/msnbot.htm)" "www.mjt.org"
65.54.188.68 - - [27/Apr/2006:21:25:29 -0700] "GET /thumguid/thumguid.htm HTTP/1.0" 200 3307 "-" "msnbot/1.0 (+http://search.msn.com/msnbot.htm)" "www.mjt.org"
65.54.188.68 - - [27/Apr/2006:21:25:39 -0700] "GET /intro/noah.html HTTP/1.0" 200 2236 "-" "msnbot/1.0 (+http://search.msn.com/msnbot.htm)" "www.mjt.org"
207.200.116.65 - - [27/Apr/2006:21:26:37 -0700] "GET /images/baticon2.gif HTTP/1.0" 200 2992 "http://mjt.org/exhibits/gallery1.html" "Mozilla/4.0 (compatible; MSIE 5.5; AOL 8.0; Windows 98)" "mjt.org"
207.200.116.5 - - [27/Apr/2006:21:27:00 -0700] "GET /exhibits/fruitstn.html HTTP/1.0" 200 2430 "http://mjt.org/exhibits/gallery1.html" "Mozilla/4.0 (compatible; MSIE 5.5; AOL 8.0; Windows 98)" "mjt.org"
207.200.116.196 - - [27/Apr/2006:21:27:02 -0700] "GET /images/fruitst3.jpg HTTP/1.0" 200 9535 "http://mjt.org/exhibits/fruitstn.html" "Mozilla/4.0 (compatible; MSIE 5.5; AOL 8.0; Windows 98)" "mjt.org"
207.200.116.136 - - [27/Apr/2006:21:27:43 -0700] "GET /exhibits/gallery1.html HTTP/1.0" 200 2130 "http://mjt.org/exhibits/fruitstn.html" "Mozilla/4.0 (compatible; MSIE 5.5; AOL 8.0; Windows 98)" "mjt.org"
207.200.116.65 - - [27/Apr/2006:21:27:43 -0700] "HEAD /images/baticon2.gif HTTP/1.0" 200 0 "-" "-" "mjt.org"
207.200.116.199 - - [27/Apr/2006:21:27:43 -0700] "HEAD /images/backgrn3.gif HTTP/1.0" 200 0 "-" "-" "mjt.org"
207.200.116.65 - - [27/Apr/2006:21:27:44 -0700] "GET /images/baticon2.gif HTTP/1.0" 200 2992 "http://mjt.org/exhibits/gallery1.html" "Mozilla/4.0 (compatible; MSIE 5.5; AOL 8.0; Windows 98)" "mjt.org"
207.200.116.199 - - [27/Apr/2006:21:27:44 -0700] "GET /images/backgrn3.gif HTTP/1.0" 200 3754 "http://mjt.org/exhibits/gallery1.html" "Mozilla/4.0 (compatible; MSIE 5.5; AOL 8.0; Windows 98)" "mjt.org"
207.200.116.65 - - [27/Apr/2006:21:27:53 -0700] "HEAD /images/baticon2.gif HTTP/1.0" 200 0 "-" "-" "mjt.org"
207.200.116.13 - - [27/Apr/2006:21:27:53 -0700] "HEAD /napoleon/busthumb.gif HTTP/1.0" 200 0 "-" "-" "mjt.org"
207.200.116.132 - - [27/Apr/2006:21:27:53 -0700] "HEAD /images/hestericon.gif HTTP/1.0" 200 0 "-" "-" "www.mjt.org"
207.200.116.202 - - [27/Apr/2006:21:27:53 -0700] "HEAD /images/harposm.jpg HTTP/1.0" 200 0 "-" "-" "mjt.org"
207.200.116.71 - - [27/Apr/2006:21:27:54 -0700] "GET /images/knowicon.gif HTTP/1.0" 200 3663 "http://mjt.org/exhibits/exhibitsnew.html" "Mozilla/4.0 (compatible; MSIE 5.5; AOL 8.0; Windows 98)" "mjt.org"
207.200.116.195 - - [27/Apr/2006:21:27:54 -0700] "GET /images/coneicon.gif HTTP/1.1" 200 2585 "http://mjt.org/exhibits/exhibitsnew.html" "Mozilla/4.0 (compatible; MSIE 5.5; AOL 8.0; Windows 98)" "mjt.org"
207.200.116.202 - - [27/Apr/2006:21:27:57 -0700] "GET /images/harposm.jpg HTTP/1.0" 200 9886 "http://mjt.org/exhibits/exhibitsnew.html" "Mozilla/4.0 (compatible; MSIE 5.5; AOL 8.0; Windows 98)" "mjt.org"
207.200.116.13 - - [27/Apr/2006:21:27:59 -0700] "GET /napoleon/busthumb.gif HTTP/1.0" 200 5670 "http://mjt.org/exhibits/exhibitsnew.html" "Mozilla/4.0 (compatible; MSIE 5.5; AOL 8.0; Windows 98)" "mjt.org"
207.200.116.132 - - [27/Apr/2006:21:27:59 -0700] "GET /images/hestericon.gif HTTP/1.0" 200 4740 "http://mjt.org/exhibits/exhibitsnew.html" "Mozilla/4.0 (compatible; MSIE 5.5; AOL 8.0; Windows 98)" "www.mjt.org"
207.200.116.65 - - [27/Apr/2006:21:28:16 -0700] "GET /index.html HTTP/1.1" 200 3660 "http://mjt.org/exhibits/exhibitsnew.html" "Mozilla/4.0 (compatible; MSIE 5.5; AOL 8.0; Windows 98)" "mjt.org"
207.200.116.202 - - [27/Apr/2006:21:28:17 -0700] "GET /images/lefthans.gif HTTP/1.0" 200 9582 "http://mjt.org/index.html" "Mozilla/4.0 (compatible; MSIE 5.5; AOL 8.0; Windows 98)" "mjt.org"
207.200.116.72 - - [27/Apr/2006:21:28:23 -0700] "GET /images/gslg_bw4.gif HTTP/1.0" 200 4102 "http://mjt.org/index.html" "Mozilla/4.0 (compatible; MSIE 5.5; AOL 8.0; Windows 98)" "mjt.org"
207.200.116.74 - - [27/Apr/2006:21:28:29 -0700] "GET /images/cst2trns.gif HTTP/1.0" 200 14721 "http://mjt.org/new.html" "Mozilla/4.0 (compatible; MSIE 5.5; AOL 8.0; Windows 98)" "mjt.org"
207.200.116.65 - - [27/Apr/2006:21:28:48 -0700] "HEAD /images/baticon2.gif HTTP/1.1" 200 0 "-" "-" "mjt.org"
207.200.116.199 - - [27/Apr/2006:21:28:48 -0700] "HEAD /images/backgrn3.gif HTTP/1.1" 200 0 "-" "-" "mjt.org"
207.200.116.195 - - [27/Apr/2006:21:28:48 -0700] "HEAD /images/hometrn3.gif HTTP/1.1" 200 0 "-" "-" "mjt.org"
207.200.116.195 - - [27/Apr/2006:21:28:48 -0700] "HEAD /images/coneicon.gif HTTP/1.1" 200 0 "-" "-" "mjt.org"
207.200.116.73 - - [27/Apr/2006:21:28:48 -0700] "GET /exhibits/exhibitsnew.html HTTP/1.0" 200 3358 "http://mjt.org/index.html" "Mozilla/4.0 (compatible; MSIE 5.5; AOL 8.0; Windows 98)" "mjt.org"
207.200.116.199 - - [27/Apr/2006:21:28:50 -0700] "GET /images/backgrn3.gif HTTP/1.1" 200 3754 "http://mjt.org/exhibits/exhibitsnew.html" "Mozilla/4.0 (compatible; MSIE 5.5; AOL 8.0; Windows 98)" "mjt.org"
207.200.116.204 - - [27/Apr/2006:21:29:14 -0700] "GET /images/beeiconnew.gif HTTP/1.1" 200 4857 "http://mjt.org/exhibits/exhibitsnew.html" "Mozilla/4.0 (compatible; MSIE 5.5; AOL 8.0; Windows 98)" "mjt.org"
207.200.116.135 - - [27/Apr/2006:21:29:43 -0700] "GET /thumguid/thumguid.html HTTP/1.0" 200 3406 "http://mjt.org/exhibits/exhibitsnew.html" "Mozilla/4.0 (compatible; MSIE 5.5; AOL 8.0; Windows 98)" "www.mjt.org"
207.200.116.12 - - [27/Apr/2006:21:30:24 -0700] "GET /style.css HTTP/1.0" 200 453 "http://mjt.org/exhibits/gallery3.html" "Mozilla/4.0 (compatible; MSIE 5.5; AOL 8.0; Windows 98)" "mjt.org"
207.200.116.199 - - [27/Apr/2006:21:30:24 -0700] "GET /images/backgrn3.gif HTTP/1.1" 200 3754 "http://mjt.org/exhibits/gallery3.html" "Mozilla/4.0 (compatible; MSIE 5.5; AOL 8.0; Windows 98)" "mjt.org"
207.200.116.195 - - [27/Apr/2006:21:30:24 -0700] "GET /images/coneicon.gif HTTP/1.1" 200 2585 "http://mjt.org/exhibits/gallery3.html" "Mozilla/4.0 (compatible; MSIE 5.5; AOL 8.0; Windows 98)" "mjt.org"
72.197.86.122 - - [27/Apr/2006:21:30:29 -0700] "GET /images/ritehans.gif HTTP/1.1" 200 9176 "http://www.mjt.org/" "Mozilla/4.0 (compatible; MSIE 6.0; Windows NT 5.1; SV1; .NET CLR 1.1.4322)" "www.mjt.org"
72.197.86.122 - - [27/Apr/2006:21:30:29 -0700] "GET /images/mothicon.gif HTTP/1.1" 200 3768 "http://www.mjt.org/" "Mozilla/4.0 (compatible; MSIE 6.0; Windows NT 5.1; SV1; .NET CLR 1.1.4322)" "www.mjt.org"
72.197.86.122 - - [27/Apr/2006:21:30:29 -0700] "GET /images/gslg_bw4.gif HTTP/1.1" 200 4102 "http://www.mjt.org/" "Mozilla/4.0 (compatible; MSIE 6.0; Windows NT 5.1; SV1; .NET CLR 1.1.4322)" "www.mjt.org"
72.197.86.122 - - [27/Apr/2006:21:30:29 -0700] "GET /images/mrjicon3.gif HTTP/1.1" 200 4161 "http://www.mjt.org/" "Mozilla/4.0 (compatible; MSIE 6.0; Windows NT 5.1; SV1; .NET CLR 1.1.4322)" "www.mjt.org"
207.200.116.138 - - [27/Apr/2006:21:30:29 -0700] "GET /exhibits/delson/delson.html HTTP/1.0" 200 1596 "http://mjt.org/exhibits/gallery3.html" "Mozilla/4.0 (compatible; MSIE 5.5; AOL 8.0; Windows 98)" "mjt.org"
207.200.116.197 - - [27/Apr/2006:21:30:30 -0700] "GET /images/mdgsigz.jpg HTTP/1.0" 200 13715 "http://mjt.org/exhibits/delson/delson.html" "Mozilla/4.0 (compatible; MSIE 5.5; AOL 8.0; Windows 98)" "mjt.org"
207.200.116.136 - - [27/Apr/2006:21:30:38 -0700] "GET /exhibits/gallery1.html HTTP/1.0" 200 2130 "http://mjt.org/exhibits/exhibitsnew.html" "Mozilla/4.0 (compatible; MSIE 5.5; AOL 8.0; Windows 98)" "mjt.org"
207.200.116.12 - - [27/Apr/2006:21:30:39 -0700] "GET /style.css HTTP/1.0" 200 453 "http://mjt.org/exhibits/gallery1.html" "Mozilla/4.0 (compatible; MSIE 5.5; AOL 8.0; Windows 98)" "mjt.org"
207.200.116.65 - - [27/Apr/2006:21:30:39 -0700] "GET /images/baticon2.gif HTTP/1.1" 200 2992 "http://mjt.org/exhibits/gallery1.html" "Mozilla/4.0 (compatible; MSIE 5.5; AOL 8.0; Windows 98)" "mjt.org"
207.200.116.131 - - [27/Apr/2006:21:30:42 -0700] "GET /exhibits/stinkant.html HTTP/1.0" 200 3407 "http://mjt.org/exhibits/gallery1.html" "Mozilla/4.0 (compatible; MSIE 5.5; AOL 8.0; Windows 98)" "mjt.org"
207.200.116.199 - - [27/Apr/2006:21:30:44 -0700] "GET /images/backgrn3.gif HTTP/1.1" 200 3754 "http://mjt.org/exhibits/stinkant.html" "Mozilla/4.0 (compatible; MSIE 5.5; AOL 8.0; Windows 98)" "mjt.org"
72.197.86.122 - - [27/Apr/2006:21:30:44 -0700] "GET /vistinfo/vistinfo.html HTTP/1.1" 200 1785 "http://www.mjt.org/" "Mozilla/4.0 (compatible; MSIE 6.0; Windows NT 5.1; SV1; .NET CLR 1.1.4322)" "www.mjt.org"
72.197.86.122 - - [27/Apr/2006:21:30:44 -0700] "GET /images/back1lt.gif HTTP/1.1" 200 4612 "http://www.mjt.org/vistinfo/vistinfo.html" "Mozilla/4.0 (compatible; MSIE 6.0; Windows NT 5.1; SV1; .NET CLR 1.1.4322)" "www.mjt.org"
72.197.86.122 - - [27/Apr/2006:21:30:54 -0700] "GET /vistinfo/location.html HTTP/1.1" 200 2393 "http://www.mjt.org/vistinfo/vistinfo.html" "Mozilla/4.0 (compatible; MSIE 6.0; Windows NT 5.1; SV1; .NET CLR 1.1.4322)" "www.mjt.org"
207.200.116.136 - - [27/Apr/2006:21:30:56 -0700] "GET /exhibits/gallery1.html HTTP/1.0" 200 2130 "http://mjt.org/exhibits/stinkant.html" "Mozilla/4.0 (compatible; MSIE 5.5; AOL 8.0; Windows 98)" "mjt.org"
207.200.116.65 - - [27/Apr/2006:21:30:56 -0700] "HEAD /images/baticon2.gif HTTP/1.1" 200 0 "-" "-" "mjt.org"
207.200.116.199 - - [27/Apr/2006:21:30:57 -0700] "GET /images/backgrn3.gif HTTP/1.1" 200 3754 "http://mjt.org/exhibits/gallery1.html" "Mozilla/4.0 (compatible; MSIE 5.5; AOL 8.0; Windows 98)" "mjt.org"
207.200.116.12 - - [27/Apr/2006:21:31:01 -0700] "GET /style.css HTTP/1.1" 200 453 "http://mjt.org/exhibits/depmori/depmori.html" "Mozilla/4.0 (compatible; MSIE 5.5; AOL 8.0; Windows 98)" "mjt.org"
207.200.116.65 - - [27/Apr/2006:21:31:01 -0700] "GET /images/baticon2.gif HTTP/1.1" 200 2992 "http://mjt.org/exhibits/depmori/depmori.html" "Mozilla/4.0 (compatible; MSIE 5.5; AOL 8.0; Windows 98)" "mjt.org"
207.200.116.138 - - [27/Apr/2006:21:31:01 -0700] "GET /images/dozo.gif HTTP/1.0" 200 60711 "http://mjt.org/exhibits/depmori/depmori.html" "Mozilla/4.0 (compatible; MSIE 5.5; AOL 8.0; Windows 98)" "mjt.org"
207.200.116.131 - - [27/Apr/2006:21:31:02 -0700] "GET /images/noseleaves.gif HTTP/1.0" 200 1669 "http://mjt.org/exhibits/depmori/depmori.html" "Mozilla/4.0 (compatible; MSIE 5.5; AOL 8.0; Windows 98)" "mjt.org"
207.200.116.9 - - [27/Apr/2006:21:31:04 -0700] "GET /images/sonicbeam.gif HTTP/1.1" 200 4795 "http://mjt.org/exhibits/depmori/depmori.html" "Mozilla/4.0 (compatible; MSIE 5.5; AOL 8.0; Windows 98)" "mjt.org"
72.197.86.122 - - [27/Apr/2006:21:31:07 -0700] "GET /vistinfo/hrsdon.html HTTP/1.1" 200 3460 "http://www.mjt.org/vistinfo/vistinfo.html" "Mozilla/4.0 (compatible; MSIE 6.0; Windows NT 5.1; SV1; .NET CLR 1.1.4322)" "www.mjt.org"
207.200.116.199 - - [27/Apr/2006:21:31:23 -0700] "HEAD /images/backgrn3.gif HTTP/1.1" 200 0 "-" "-" "mjt.org"
207.200.116.65 - - [27/Apr/2006:21:31:23 -0700] "HEAD /images/baticon2.gif HTTP/1.1" 200 0 "-" "-" "mjt.org"
207.200.116.12 - - [27/Apr/2006:21:31:23 -0700] "GET /style.css HTTP/1.1" 200 453 "http://mjt.org/exhibits/gallery1.html" "Mozilla/4.0 (compatible; MSIE 5.5; AOL 8.0; Windows 98)" "mjt.org"
207.200.116.199 - - [27/Apr/2006:21:31:24 -0700] "GET /images/backgrn3.gif HTTP/1.1" 200 3754 "http://mjt.org/exhibits/gallery1.html" "Mozilla/4.0 (compatible; MSIE 5.5; AOL 8.0; Windows 98)" "mjt.org"
207.200.116.65 - - [27/Apr/2006:21:31:24 -0700] "GET /images/baticon2.gif HTTP/1.1" 200 2992 "http://mjt.org/exhibits/gallery1.html" "Mozilla/4.0 (compatible; MSIE 5.5; AOL 8.0; Windows 98)" "mjt.org"
207.200.116.199 - - [27/Apr/2006:21:31:28 -0700] "GET /images/backgrn3.gif HTTP/1.1" 200 3754 "http://mjt.org/exhibits/horn_md.html" "Mozilla/4.0 (compatible; MSIE 5.5; AOL 8.0; Windows 98)" "mjt.org"
72.197.86.122 - - [27/Apr/2006:21:31:34 -0700] "GET /intro/genbroch.html HTTP/1.1" 200 9347 "http://www.mjt.org/" "Mozilla/4.0 (compatible; MSIE 6.0; Windows NT 5.1; SV1; .NET CLR 1.1.4322)" "www.mjt.org"
72.197.86.122 - - [27/Apr/2006:21:31:35 -0700] "GET /images/jur_map.gif HTTP/1.1" 200 8401 "http://www.mjt.org/intro/genbroch.html" "Mozilla/4.0 (compatible; MSIE 6.0; Windows NT 5.1; SV1; .NET CLR 1.1.4322)" "www.mjt.org"
72.197.86.122 - - [27/Apr/2006:21:31:35 -0700] "GET /images/arktrns.gif HTTP/1.1" 200 8553 "http://www.mjt.org/intro/genbroch.html" "Mozilla/4.0 (compatible; MSIE 6.0; Windows NT 5.1; SV1; .NET CLR 1.1.4322)" "www.mjt.org"
72.197.86.122 - - [27/Apr/2006:21:31:35 -0700] "GET /images/glove_l.gif HTTP/1.1" 200 15850 "http://www.mjt.org/intro/genbroch.html" "Mozilla/4.0 (compatible; MSIE 6.0; Windows NT 5.1; SV1; .NET CLR 1.1.4322)" "www.mjt.org"
72.197.86.122 - - [27/Apr/2006:21:31:35 -0700] "GET /images/bel_mjt.gif HTTP/1.1" 200 22423 "http://www.mjt.org/intro/genbroch.html" "Mozilla/4.0 (compatible; MSIE 6.0; Windows NT 5.1; SV1; .NET CLR 1.1.4322)" "www.mjt.org"
207.200.116.65 - - [27/Apr/2006:21:31:50 -0700] "HEAD /images/baticon2.gif HTTP/1.1" 200 0 "-" "-" "mjt.org"
207.200.116.199 - - [27/Apr/2006:21:31:55 -0700] "HEAD /images/backgrn3.gif HTTP/1.1" 200 0 "-" "-" "mjt.org"
207.200.116.71 - - [27/Apr/2006:21:31:55 -0700] "HEAD /images/knowicon.gif HTTP/1.0" 200 0 "-" "-" "mjt.org"
207.200.116.195 - - [27/Apr/2006:21:31:55 -0700] "GET /images/hometrn3.gif HTTP/1.1" 200 27337 "http://mjt.org/exhibits/exhibitsnew.html" "Mozilla/4.0 (compatible; MSIE 5.5; AOL 8.0; Windows 98)" "mjt.org"
207.200.116.199 - - [27/Apr/2006:21:31:56 -0700] "GET /images/backgrn3.gif HTTP/1.1" 200 3754 "http://mjt.org/exhibits/exhibitsnew.html" "Mozilla/4.0 (compatible; MSIE 5.5; AOL 8.0; Windows 98)" "mjt.org"
207.200.116.12 - - [27/Apr/2006:21:32:03 -0700] "GET /style.css HTTP/1.1" 200 453 "http://mjt.org/exhibits/gallery4.html" "Mozilla/4.0 (compatible; MSIE 5.5; AOL 8.0; Windows 98)" "mjt.org"
207.200.116.199 - - [27/Apr/2006:21:32:03 -0700] "GET /images/backgrn3.gif HTTP/1.1" 200 3754 "http://mjt.org/exhibits/gallery4.html" "Mozilla/4.0 (compatible; MSIE 5.5; AOL 8.0; Windows 98)" "mjt.org"
72.197.86.122 - - [27/Apr/2006:21:32:12 -0700] "GET /exhibits/exhibitsnew.html HTTP/1.1" 200 3358 "http://www.mjt.org/index.html" "Mozilla/4.0 (compatible; MSIE 6.0; Windows NT 5.1; SV1; .NET CLR 1.1.4322)" "www.mjt.org"
72.197.86.122 - - [27/Apr/2006:21:32:12 -0700] "GET /images/baticon2.gif HTTP/1.1" 200 2992 "http://www.mjt.org/exhibits/exhibitsnew.html" "Mozilla/4.0 (compatible; MSIE 6.0; Windows NT 5.1; SV1; .NET CLR 1.1.4322)" "www.mjt.org"
207.200.116.13 - - [27/Apr/2006:21:32:19 -0700] "GET /images/flemnote.jpg HTTP/1.1" 200 3375 "http://mjt.org/exhibits/bees/bees.html" "Mozilla/4.0 (compatible; MSIE 5.5; AOL 8.0; Windows 98)" "mjt.org"
207.200.116.202 - - [27/Apr/2006:21:32:19 -0700] "GET /images/queenrm2.gif HTTP/1.1" 200 21313 "http://mjt.org/exhibits/bees/bees.html" "Mozilla/4.0 (compatible; MSIE 5.5; AOL 8.0; Windows 98)" "mjt.org"
207.200.116.11 - - [27/Apr/2006:21:32:19 -0700] "GET /images/flem-1a.jpg HTTP/1.0" 200 2048 "http://mjt.org/exhibits/bees/bees.html" "Mozilla/4.0 (compatible; MSIE 5.5; AOL 8.0; Windows 98)" "mjt.org"
65.54.188.69 - - [27/Apr/2006:21:33:10 -0700] "GET /shop/shop.htm HTTP/1.0" 404 363 "-" "msnbot/1.0 (+http://search.msn.com/msnbot.htm)" "www.mjt.org"
72.30.133.21 - - [27/Apr/2006:21:35:16 -0700] "GET /exhibits/images/_notes/?S=D HTTP/1.0" 200 3594 "-" "Mozilla/5.0 (compatible; Yahoo! Slurp; http://help.yahoo.com/help/us/ysearch/slurp)" "www.mjt.org"
24.130.248.118 - - [27/Apr/2006:21:39:31 -0700] "GET /vistinfo/location.html HTTP/1.1" 200 2393 "http://www.mjt.org/vistinfo/vistinfo.html" "Mozilla/4.0 (compatible; MSIE 6.0; Windows NT 5.0; (R1 1.5))" "www.mjt.org"
169.233.17.96 - - [27/Apr/2006:21:42:36 -0700] "GET /hagop/box.jpg HTTP/1.1" 200 4318 "http://vampire-sushi.livejournal.com/profile" "Mozilla/5.0 (Macintosh; U; PPC Mac OS X Mach-O; en-US; rv:1.8.0.2) Gecko/20060328 Firefox/1.5.0.2" "www.mjt.org"
70.38.192.133 - - [27/Apr/2006:21:43:03 -0700] "GET / HTTP/1.1" 200 3660 "http://www.google.com/maps?f=q&hl=en&sll=37.0625,-95.677068&sspn=60.894251,109.160156&q=9341+Venice+Blvd,+Culver+City,+CA+90232-2621,+(310)+836-6131&latlng=37062500,-95677068,17049061499786862684" "Mozilla/4.0 (compatible; MSIE 6.0; Windows NT 5.1; SV1)" "www.mjt.org"
70.38.192.133 - - [27/Apr/2006:21:43:03 -0700] "GET /images/back_blu.gif HTTP/1.1" 200 4067 "http://www.mjt.org/" "Mozilla/4.0 (compatible; MSIE 6.0; Windows NT 5.1; SV1)" "www.mjt.org"
70.38.192.133 - - [27/Apr/2006:21:43:03 -0700] "GET /images/lefthans.gif HTTP/1.1" 200 9582 "http://www.mjt.org/" "Mozilla/4.0 (compatible; MSIE 6.0; Windows NT 5.1; SV1)" "www.mjt.org"
70.38.192.133 - - [27/Apr/2006:21:43:03 -0700] "GET /images/beeicon2.gif HTTP/1.1" 200 3447 "http://www.mjt.org/" "Mozilla/4.0 (compatible; MSIE 6.0; Windows NT 5.1; SV1)" "www.mjt.org"
70.38.192.133 - - [27/Apr/2006:21:43:03 -0700] "GET /images/mrjicon3.gif HTTP/1.1" 200 4161 "http://www.mjt.org/" "Mozilla/4.0 (compatible; MSIE 6.0; Windows NT 5.1; SV1)" "www.mjt.org"
70.38.192.133 - - [27/Apr/2006:21:43:30 -0700] "GET /exhibits/exhibitsnew.html HTTP/1.1" 200 3358 "http://www.mjt.org/" "Mozilla/4.0 (compatible; MSIE 6.0; Windows NT 5.1; SV1)" "www.mjt.org"
70.38.192.133 - - [27/Apr/2006:21:43:30 -0700] "GET /images/backgrn3.gif HTTP/1.1" 200 3754 "http://www.mjt.org/exhibits/exhibitsnew.html" "Mozilla/4.0 (compatible; MSIE 6.0; Windows NT 5.1; SV1)" "www.mjt.org"
70.38.192.133 - - [27/Apr/2006:21:43:30 -0700] "GET /images/baticon2.gif HTTP/1.1" 200 2992 "http://www.mjt.org/exhibits/exhibitsnew.html" "Mozilla/4.0 (compatible; MSIE 6.0; Windows NT 5.1; SV1)" "www.mjt.org"
70.38.192.133 - - [27/Apr/2006:21:43:30 -0700] "GET /images/coneicon.gif HTTP/1.1" 200 2585 "http://www.mjt.org/exhibits/exhibitsnew.html" "Mozilla/4.0 (compatible; MSIE 6.0; Windows NT 5.1; SV1)" "www.mjt.org"
70.38.192.133 - - [27/Apr/2006:21:43:45 -0700] "GET /exhibits/gallery1.html HTTP/1.1" 200 2130 "http://www.mjt.org/exhibits/exhibitsnew.html" "Mozilla/4.0 (compatible; MSIE 6.0; Windows NT 5.1; SV1)" "www.mjt.org"
70.38.192.133 - - [27/Apr/2006:21:43:45 -0700] "GET /style.css HTTP/1.1" 200 453 "http://www.mjt.org/exhibits/gallery1.html" "Mozilla/4.0 (compatible; MSIE 6.0; Windows NT 5.1; SV1)" "www.mjt.org"
70.38.192.133 - - [27/Apr/2006:21:43:47 -0700] "GET /exhibits/stinkant.html HTTP/1.1" 200 3407 "http://www.mjt.org/exhibits/gallery1.html" "Mozilla/4.0 (compatible; MSIE 6.0; Windows NT 5.1; SV1)" "www.mjt.org"
70.38.192.133 - - [27/Apr/2006:21:45:15 -0700] "GET /exhibits/depmori/depmori.html HTTP/1.1" 200 9926 "http://www.mjt.org/exhibits/gallery1.html" "Mozilla/4.0 (compatible; MSIE 6.0; Windows NT 5.1; SV1)" "www.mjt.org"
70.38.192.133 - - [27/Apr/2006:21:45:15 -0700] "GET /images/noseleaves.gif HTTP/1.1" 200 1669 "http://www.mjt.org/exhibits/depmori/depmori.html" "Mozilla/4.0 (compatible; MSIE 6.0; Windows NT 5.1; SV1)" "www.mjt.org"
70.38.192.133 - - [27/Apr/2006:21:45:15 -0700] "GET /images/snare.gif HTTP/1.1" 200 1223 "http://www.mjt.org/exhibits/depmori/depmori.html" "Mozilla/4.0 (compatible; MSIE 6.0; Windows NT 5.1; SV1)" "www.mjt.org"
70.38.192.133 - - [27/Apr/2006:21:45:15 -0700] "GET /images/frozen.gif HTTP/1.1" 200 4475 "http://www.mjt.org/exhibits/depmori/depmori.html" "Mozilla/4.0 (compatible; MSIE 6.0; Windows NT 5.1; SV1)" "www.mjt.org"
70.38.192.133 - - [27/Apr/2006:21:45:21 -0700] "GET /exhibits/fruitstn.html HTTP/1.1" 200 2430 "http://www.mjt.org/exhibits/gallery1.html" "Mozilla/4.0 (compatible; MSIE 6.0; Windows NT 5.1; SV1)" "www.mjt.org"
70.38.192.133 - - [27/Apr/2006:21:46:14 -0700] "GET /exhibits/letters/letters.html HTTP/1.1" 200 2358 "http://www.mjt.org/exhibits/gallery2.html" "Mozilla/4.0 (compatible; MSIE 6.0; Windows NT 5.1; SV1)" "www.mjt.org"
70.38.192.133 - - [27/Apr/2006:21:46:14 -0700] "GET /images/bluewsp2.gif HTTP/1.1" 200 9112 "http://www.mjt.org/exhibits/letters/letters.html" "Mozilla/4.0 (compatible; MSIE 6.0; Windows NT 5.1; SV1)" "www.mjt.org"
70.38.192.133 - - [27/Apr/2006:21:46:31 -0700] "GET /exhibits/gallery5.html HTTP/1.1" 200 1887 "http://www.mjt.org/exhibits/exhibitsnew.html" "Mozilla/4.0 (compatible; MSIE 6.0; Windows NT 5.1; SV1)" "www.mjt.org"
70.38.192.133 - - [27/Apr/2006:21:46:57 -0700] "GET /exhibits/delson/delson.html HTTP/1.1" 200 1596 "http://www.mjt.org/exhibits/gallery3.html" "Mozilla/4.0 (compatible; MSIE 6.0; Windows NT 5.1; SV1)" "www.mjt.org"
70.38.192.133 - - [27/Apr/2006:21:47:27 -0700] "GET /images/beeicon.gif HTTP/1.1" 200 4399 "http://www.mjt.org/exhibits/gallery4.html" "Mozilla/4.0 (compatible; MSIE 6.0; Windows NT 5.1; SV1)" "www.mjt.org"
70.38.192.133 - - [27/Apr/2006:21:47:34 -0700] "GET /images/thum/temp.gif HTTP/1.1" 200 3814 "http://www.mjt.org/thumguid/thumguid.html" "Mozilla/4.0 (compatible; MSIE 6.0; Windows NT 5.1; SV1)" "www.mjt.org"
66.249.66.100 - - [27/Apr/2006:21:49:53 -0700] "GET / HTTP/1.1" 304 - "-" "Mozilla/5.0 (compatible; Googlebot/2.1; +http://www.google.com/bot.html)" "www.mjt.org"
210.11.188.18 - - [27/Apr/2006:21:50:34 -0700] "GET /images/bluewsp2.gif HTTP/1.0" 200 9112 "http://www.mjt.org/exhibits/hieroglyphs.html" "Mozilla/4.0 (compatible; MSIE 6.0; Windows NT 5.1; SV1; .NET CLR 1.1.4322; InfoPath.1)" "www.mjt.org"
210.11.188.18 - - [27/Apr/2006:21:50:34 -0700] "GET /images/egypt.jpg HTTP/1.0" 200 30471 "http://www.mjt.org/exhibits/hieroglyphs.html" "Mozilla/4.0 (compatible; MSIE 6.0; Windows NT 5.1; SV1; .NET CLR 1.1.4322; InfoPath.1)" "www.mjt.org"
210.11.188.18 - - [27/Apr/2006:21:50:56 -0700] "GET /exhibits/bigegypt.htm HTTP/1.0" 200 1373 "http://www.mjt.org/exhibits/hieroglyphs.html" "Mozilla/4.0 (compatible; MSIE 6.0; Windows NT 5.1; SV1; .NET CLR 1.1.4322; InfoPath.1)" "www.mjt.org"
210.11.188.18 - - [27/Apr/2006:21:50:57 -0700] "GET /images/bigegypt.jpg HTTP/1.0" 200 68574 "http://www.mjt.org/exhibits/bigegypt.htm" "Mozilla/4.0 (compatible; MSIE 6.0; Windows NT 5.1; SV1; .NET CLR 1.1.4322; InfoPath.1)" "www.mjt.org"
210.11.188.18 - - [27/Apr/2006:21:51:01 -0700] "GET /index.html HTTP/1.0" 200 3660 "http://www.mjt.org/exhibits/bigegypt.htm" "Mozilla/4.0 (compatible; MSIE 6.0; Windows NT 5.1; SV1; .NET CLR 1.1.4322; InfoPath.1)" "www.mjt.org"
210.11.188.18 - - [27/Apr/2006:21:51:01 -0700] "GET /images/back_blu.gif HTTP/1.0" 200 4067 "http://www.mjt.org/index.html" "Mozilla/4.0 (compatible; MSIE 6.0; Windows NT 5.1; SV1; .NET CLR 1.1.4322; InfoPath.1)" "www.mjt.org"
210.11.188.18 - - [27/Apr/2006:21:51:02 -0700] "GET /images/hometrn3.gif HTTP/1.0" 200 27337 "http://www.mjt.org/index.html" "Mozilla/4.0 (compatible; MSIE 6.0; Windows NT 5.1; SV1; .NET CLR 1.1.4322; InfoPath.1)" "www.mjt.org"
210.11.188.18 - - [27/Apr/2006:21:51:02 -0700] "GET /images/lefthans.gif HTTP/1.0" 200 9582 "http://www.mjt.org/index.html" "Mozilla/4.0 (compatible; MSIE 6.0; Windows NT 5.1; SV1; .NET CLR 1.1.4322; InfoPath.1)" "www.mjt.org"
210.11.188.18 - - [27/Apr/2006:21:51:03 -0700] "GET /images/arkicon2.gif HTTP/1.0" 200 3621 "http://www.mjt.org/index.html" "Mozilla/4.0 (compatible; MSIE 6.0; Windows NT 5.1; SV1; .NET CLR 1.1.4322; InfoPath.1)" "www.mjt.org"
210.11.188.18 - - [27/Apr/2006:21:51:03 -0700] "GET /images/gslg_bw4.gif HTTP/1.0" 200 4102 "http://www.mjt.org/index.html" "Mozilla/4.0 (compatible; MSIE 6.0; Windows NT 5.1; SV1; .NET CLR 1.1.4322; InfoPath.1)" "www.mjt.org"
210.11.188.18 - - [27/Apr/2006:21:51:09 -0700] "GET /Links.html HTTP/1.0" 200 1890 "http://www.mjt.org/index.html" "Mozilla/4.0 (compatible; MSIE 6.0; Windows NT 5.1; SV1; .NET CLR 1.1.4322; InfoPath.1)" "www.mjt.org"
66.249.66.100 - - [27/Apr/2006:21:51:27 -0700] "GET /donors.html HTTP/1.1" 304 - "-" "Mozilla/5.0 (compatible; Googlebot/2.1; +http://www.google.com/bot.html)" "www.mjt.org"
66.249.66.100 - - [27/Apr/2006:21:51:27 -0700] "GET /Links.html HTTP/1.1" 304 - "-" "Mozilla/5.0 (compatible; Googlebot/2.1; +http://www.google.com/bot.html)" "www.mjt.org"
71.107.30.148 - - [27/Apr/2006:21:54:47 -0700] "GET /images/hometrn3.gif HTTP/1.1" 200 27337 "http://www.mjt.org/" "Mozilla/5.0 (Windows; U; Windows NT 5.1; en-US; rv:1.8.0.2) Gecko/20060308 Firefox/1.5.0.2" "www.mjt.org"
71.107.30.148 - - [27/Apr/2006:21:54:47 -0700] "GET /favicon.ico HTTP/1.1" 404 363 "-" "Mozilla/4.0 (compatible; Google Desktop)" "www.mjt.org"
71.107.30.148 - - [27/Apr/2006:21:54:47 -0700] "GET /images/lefthans.gif HTTP/1.1" 200 9582 "http://www.mjt.org/" "Mozilla/5.0 (Windows; U; Windows NT 5.1; en-US; rv:1.8.0.2) Gecko/20060308 Firefox/1.5.0.2" "www.mjt.org"
71.107.30.148 - - [27/Apr/2006:21:54:47 -0700] "GET /images/ritehans.gif HTTP/1.1" 200 9176 "http://www.mjt.org/" "Mozilla/5.0 (Windows; U; Windows NT 5.1; en-US; rv:1.8.0.2) Gecko/20060308 Firefox/1.5.0.2" "www.mjt.org"
71.107.30.148 - - [27/Apr/2006:21:54:47 -0700] "GET /images/arkicon2.gif HTTP/1.1" 200 3621 "http://www.mjt.org/" "Mozilla/5.0 (Windows; U; Windows NT 5.1; en-US; rv:1.8.0.2) Gecko/20060308 Firefox/1.5.0.2" "www.mjt.org"
71.107.30.148 - - [27/Apr/2006:21:54:47 -0700] "GET /images/beeicon2.gif HTTP/1.1" 200 3447 "http://www.mjt.org/" "Mozilla/5.0 (Windows; U; Windows NT 5.1; en-US; rv:1.8.0.2) Gecko/20060308 Firefox/1.5.0.2" "www.mjt.org"
71.107.30.148 - - [27/Apr/2006:21:54:47 -0700] "GET /images/mrjicon3.gif HTTP/1.1" 200 4161 "http://www.mjt.org/" "Mozilla/5.0 (Windows; U; Windows NT 5.1; en-US; rv:1.8.0.2) Gecko/20060308 Firefox/1.5.0.2" "www.mjt.org"
71.107.30.148 - - [27/Apr/2006:21:54:48 -0700] "GET /favicon.ico HTTP/1.1" 404 363 "-" "Mozilla/5.0 (Windows; U; Windows NT 5.1; en-US; rv:1.8.0.2) Gecko/20060308 Firefox/1.5.0.2" "www.mjt.org"
71.107.30.148 - - [27/Apr/2006:21:55:20 -0700] "GET /images/cst2trns.gif HTTP/1.1" 200 14721 "http://www.mjt.org/vistinfo/vistinfo.html" "Mozilla/5.0 (Windows; U; Windows NT 5.1; en-US; rv:1.8.0.2) Gecko/20060308 Firefox/1.5.0.2" "www.mjt.org"
12.226.39.151 - - [27/Apr/2006:21:56:32 -0700] "GET /images/eden.jpg HTTP/1.1" 200 9504 "http://www.mjt.org/exhibits/trailers/trailers.html" "Mozilla/4.0 (compatible; MSIE 6.0; Windows NT 5.1; SV1; .NET CLR 1.0.3705; Media Center PC 2.8)" "www.mjt.org"
12.226.39.151 - - [27/Apr/2006:21:56:34 -0700] "GET /favicon.ico HTTP/1.1" 404 363 "-" "Mozilla/4.0 (compatible; MSIE 6.0; Windows NT 5.1; SV1; .NET CLR 1.0.3705; Media Center PC 2.8)" "www.mjt.org"
71.107.30.148 - - [27/Apr/2006:21:56:44 -0700] "GET /new.html HTTP/1.1" 200 1471 "http://www.mjt.org/" "Mozilla/5.0 (Windows; U; Windows NT 5.1; en-US; rv:1.8.0.2) Gecko/20060308 Firefox/1.5.0.2" "www.mjt.org"
71.107.30.148 - - [27/Apr/2006:21:57:03 -0700] "GET /images/coneicon.gif HTTP/1.1" 200 2585 "http://www.mjt.org/exhibits/exhibitsnew.html" "Mozilla/5.0 (Windows; U; Windows NT 5.1; en-US; rv:1.8.0.2) Gecko/20060308 Firefox/1.5.0.2" "www.mjt.org"
71.107.30.148 - - [27/Apr/2006:21:57:03 -0700] "GET /images/trailericon.gif HTTP/1.1" 200 6211 "http://www.mjt.org/exhibits/exhibitsnew.html" "Mozilla/5.0 (Windows; U; Windows NT 5.1; en-US; rv:1.8.0.2) Gecko/20060308 Firefox/1.5.0.2" "www.mjt.org"
71.107.30.148 - - [27/Apr/2006:21:57:26 -0700] "GET /exhibits/gallery1.html HTTP/1.1" 200 2130 "http://www.mjt.org/exhibits/exhibitsnew.html" "Mozilla/5.0 (Windows; U; Windows NT 5.1; en-US; rv:1.8.0.2) Gecko/20060308 Firefox/1.5.0.2" "www.mjt.org"
71.107.30.148 - - [27/Apr/2006:21:57:40 -0700] "GET /exhibits/fruitstn1.html HTTP/1.1" 200 896 "http://www.mjt.org/exhibits/fruitstn.html" "Mozilla/5.0 (Windows; U; Windows NT 5.1; en-US; rv:1.8.0.2) Gecko/20060308 Firefox/1.5.0.2" "www.mjt.org"
71.107.30.148 - - [27/Apr/2006:21:57:40 -0700] "GET /images/frtstncu.jpg HTTP/1.1" 200 44122 "http://www.mjt.org/exhibits/fruitstn1.html" "Mozilla/5.0 (Windows; U; Windows NT 5.1; en-US; rv:1.8.0.2) Gecko/20060308 Firefox/1.5.0.2" "www.mjt.org"
71.107.30.148 - - [27/Apr/2006:21:58:06 -0700] "GET /exhibits/horn_md.html HTTP/1.1" 200 2169 "http://www.mjt.org/exhibits/gallery1.html" "Mozilla/5.0 (Windows; U; Windows NT 5.1; en-US; rv:1.8.0.2) Gecko/20060308 Firefox/1.5.0.2" "www.mjt.org"
71.107.30.148 - - [27/Apr/2006:21:58:06 -0700] "GET /images/hornmdsm.jpg HTTP/1.1" 200 25094 "http://www.mjt.org/exhibits/horn_md.html" "Mozilla/5.0 (Windows; U; Windows NT 5.1; en-US; rv:1.8.0.2) Gecko/20060308 Firefox/1.5.0.2" "www.mjt.org"
71.107.30.148 - - [27/Apr/2006:21:58:24 -0700] "GET /exhibits/depmori/depmori.html HTTP/1.1" 200 9926 "http://www.mjt.org/exhibits/gallery1.html" "Mozilla/5.0 (Windows; U; Windows NT 5.1; en-US; rv:1.8.0.2) Gecko/20060308 Firefox/1.5.0.2" "www.mjt.org"
71.107.30.148 - - [27/Apr/2006:21:58:24 -0700] "GET /images/snare.gif HTTP/1.1" 200 1223 "http://www.mjt.org/exhibits/depmori/depmori.html" "Mozilla/5.0 (Windows; U; Windows NT 5.1; en-US; rv:1.8.0.2) Gecko/20060308 Firefox/1.5.0.2" "www.mjt.org"
66.131.69.222 - - [27/Apr/2006:21:58:41 -0700] "GET /images/cst2trns.gif HTTP/1.1" 200 14721 "http://amasci.com/amateur/toys1.html" "Mozilla/4.0 (compatible; MSIE 6.0; Windows NT 5.1; SV1)" "www.mjt.org"
71.107.30.148 - - [27/Apr/2006:21:59:19 -0700] "GET /exhibits/letters/letters.html HTTP/1.1" 200 2358 "http://www.mjt.org/exhibits/gallery2.html" "Mozilla/5.0 (Windows; U; Windows NT 5.1; en-US; rv:1.8.0.2) Gecko/20060308 Firefox/1.5.0.2" "www.mjt.org"
71.107.30.148 - - [27/Apr/2006:21:59:19 -0700] "GET /images/bluewsp2.gif HTTP/1.1" 200 9112 "http://www.mjt.org/exhibits/letters/letters.html" "Mozilla/5.0 (Windows; U; Windows NT 5.1; en-US; rv:1.8.0.2) Gecko/20060308 Firefox/1.5.0.2" "www.mjt.org"
71.107.30.148 - - [27/Apr/2006:21:59:49 -0700] "GET /exhibits/letters/lamb.html HTTP/1.1" 200 5199 "http://www.mjt.org/exhibits/letters/letters.html" "Mozilla/5.0 (Windows; U; Windows NT 5.1; en-US; rv:1.8.0.2) Gecko/20060308 Firefox/1.5.0.2" "www.mjt.org"
71.107.30.148 - - [27/Apr/2006:21:59:49 -0700] "GET /images/lambicon.jpg HTTP/1.1" 200 5291 "http://www.mjt.org/exhibits/letters/lamb.html" "Mozilla/5.0 (Windows; U; Windows NT 5.1; en-US; rv:1.8.0.2) Gecko/20060308 Firefox/1.5.0.2" "www.mjt.org"
71.107.30.148 - - [27/Apr/2006:21:59:57 -0700] "GET /exhibits/letters/lambgif.html HTTP/1.1" 200 871 "http://www.mjt.org/exhibits/letters/lamb.html" "Mozilla/5.0 (Windows; U; Windows NT 5.1; en-US; rv:1.8.0.2) Gecko/20060308 Firefox/1.5.0.2" "www.mjt.org"
71.107.30.148 - - [27/Apr/2006:21:59:57 -0700] "GET /images/lamb.jpg HTTP/1.1" 200 30549 "http://www.mjt.org/exhibits/letters/lambgif.html" "Mozilla/5.0 (Windows; U; Windows NT 5.1; en-US; rv:1.8.0.2) Gecko/20060308 Firefox/1.5.0.2" "www.mjt.org"
65.54.188.68 - - [27/Apr/2006:22:00:22 -0700] "GET /exhibits/images/_notes/?D=A HTTP/1.0" 200 3594 "-" "msnbot/1.0 (+http://search.msn.com/msnbot.htm)" "www.mjt.org"
65.54.188.68 - - [27/Apr/2006:22:00:24 -0700] "GET /exhibits/images/?D=A HTTP/1.0" 200 3624 "-" "msnbot/1.0 (+http://search.msn.com/msnbot.htm)" "www.mjt.org"
24.130.248.118 - - [27/Apr/2006:22:01:43 -0700] "GET /images/jur_map.gif HTTP/1.1" 200 8401 "http://www.mjt.org/intro/genbroch.html" "Mozilla/4.0 (compatible; MSIE 6.0; Windows NT 5.0; (R1 1.5))" "www.mjt.org"
24.130.248.118 - - [27/Apr/2006:22:01:44 -0700] "GET /images/arktrns.gif HTTP/1.1" 200 8553 "http://www.mjt.org/intro/genbroch.html" "Mozilla/4.0 (compatible; MSIE 6.0; Windows NT 5.0; (R1 1.5))" "www.mjt.org"
24.130.248.118 - - [27/Apr/2006:22:01:44 -0700] "GET /images/egg.gif HTTP/1.1" 200 18484 "http://www.mjt.org/intro/genbroch.html" "Mozilla/4.0 (compatible; MSIE 6.0; Windows NT 5.0; (R1 1.5))" "www.mjt.org"
24.130.248.118 - - [27/Apr/2006:22:01:44 -0700] "GET /images/glove_l.gif HTTP/1.1" 200 15850 "http://www.mjt.org/intro/genbroch.html" "Mozilla/4.0 (compatible; MSIE 6.0; Windows NT 5.0; (R1 1.5))" "www.mjt.org"
24.130.248.118 - - [27/Apr/2006:22:01:45 -0700] "GET /images/durer.gif HTTP/1.1" 200 8037 "http://www.mjt.org/intro/genbroch.html" "Mozilla/4.0 (compatible; MSIE 6.0; Windows NT 5.0; (R1 1.5))" "www.mjt.org"
24.130.248.118 - - [27/Apr/2006:22:01:46 -0700] "GET /images/flrchntn.gif HTTP/1.1" 200 9519 "http://www.mjt.org/intro/genbroch.html" "Mozilla/4.0 (compatible; MSIE 6.0; Windows NT 5.0; (R1 1.5))" "www.mjt.org"
24.130.248.118 - - [27/Apr/2006:22:02:23 -0700] "GET /index.html HTTP/1.1" 200 3660 "http://www.mjt.org/intro/genbroch.html" "Mozilla/4.0 (compatible; MSIE 6.0; Windows NT 5.0; (R1 1.5))" "www.mjt.org"
68.183.80.22 - - [27/Apr/2006:22:04:16 -0700] "GET / HTTP/1.1" 200 3660 "http://www.google.com/search?hl=en&sa=X&oi=spell&resnum=0&ct=result&cd=1&q=museum+of+jurassic+technology&spell=1" "Mozilla/4.0 (compatible; MSIE 6.0; Windows NT 5.1; SV1; .NET CLR 1.1.4322)" "www.mjt.org"
68.183.80.22 - - [27/Apr/2006:22:04:16 -0700] "GET /images/ritehans.gif HTTP/1.1" 200 9176 "http://www.mjt.org/" "Mozilla/4.0 (compatible; MSIE 6.0; Windows NT 5.1; SV1; .NET CLR 1.1.4322)" "www.mjt.org"
68.183.80.22 - - [27/Apr/2006:22:04:17 -0700] "GET /images/arkicon2.gif HTTP/1.1" 200 3621 "http://www.mjt.org/" "Mozilla/4.0 (compatible; MSIE 6.0; Windows NT 5.1; SV1; .NET CLR 1.1.4322)" "www.mjt.org"
68.183.80.22 - - [27/Apr/2006:22:04:17 -0700] "GET /images/beeicon2.gif HTTP/1.1" 200 3447 "http://www.mjt.org/" "Mozilla/4.0 (compatible; MSIE 6.0; Windows NT 5.1; SV1; .NET CLR 1.1.4322)" "www.mjt.org"
68.183.80.22 - - [27/Apr/2006:22:04:17 -0700] "GET /images/mrjicon3.gif HTTP/1.1" 200 4161 "http://www.mjt.org/" "Mozilla/4.0 (compatible; MSIE 6.0; Windows NT 5.1; SV1; .NET CLR 1.1.4322)" "www.mjt.org"
207.151.142.233 - - [27/Apr/2006:22:04:24 -0700] "GET / HTTP/1.1" 200 3660 "http://search.yahoo.com/search?p=museum+of+jurassic+technology&prssweb=Search&ei=UTF-8&fr=FP-tab-web-t&x=wrt" "Mozilla/5.0 (Windows; U; Windows NT 5.1; en-US; rv:1.8.0.2) Gecko/20060308 Firefox/1.5.0.2" "www.mjt.org"
207.151.142.233 - - [27/Apr/2006:22:04:25 -0700] "GET /images/kirchei2.gif HTTP/1.1" 200 3503 "http://www.mjt.org/" "Mozilla/5.0 (Windows; U; Windows NT 5.1; en-US; rv:1.8.0.2) Gecko/20060308 Firefox/1.5.0.2" "www.mjt.org"
207.151.142.233 - - [27/Apr/2006:22:04:25 -0700] "GET /images/mothicon.gif HTTP/1.1" 200 3768 "http://www.mjt.org/" "Mozilla/5.0 (Windows; U; Windows NT 5.1; en-US; rv:1.8.0.2) Gecko/20060308 Firefox/1.5.0.2" "www.mjt.org"
207.151.142.233 - - [27/Apr/2006:22:04:25 -0700] "GET /images/arkicon2.gif HTTP/1.1" 200 3621 "http://www.mjt.org/" "Mozilla/5.0 (Windows; U; Windows NT 5.1; en-US; rv:1.8.0.2) Gecko/20060308 Firefox/1.5.0.2" "www.mjt.org"
207.151.142.233 - - [27/Apr/2006:22:04:26 -0700] "GET /favicon.ico HTTP/1.1" 404 363 "-" "Mozilla/5.0 (Windows; U; Windows NT 5.1; en-US; rv:1.8.0.2) Gecko/20060308 Firefox/1.5.0.2" "www.mjt.org"
66.131.69.222 - - [27/Apr/2006:22:04:26 -0700] "GET /images/cst2trns.gif HTTP/1.1" 304 - "http://amasci.com/amateur/toys1.html" "Mozilla/4.0 (compatible; MSIE 6.0; Windows NT 5.1; SV1)" "www.mjt.org"
68.183.80.22 - - [27/Apr/2006:22:04:28 -0700] "GET /vistinfo/vistinfo.html HTTP/1.1" 200 1785 "http://www.mjt.org/" "Mozilla/4.0 (compatible; MSIE 6.0; Windows NT 5.1; SV1; .NET CLR 1.1.4322)" "www.mjt.org"
68.183.80.22 - - [27/Apr/2006:22:04:28 -0700] "GET /images/back1lt.gif HTTP/1.1" 200 4612 "http://www.mjt.org/vistinfo/vistinfo.html" "Mozilla/4.0 (compatible; MSIE 6.0; Windows NT 5.1; SV1; .NET CLR 1.1.4322)" "www.mjt.org"
68.183.80.22 - - [27/Apr/2006:22:04:28 -0700] "GET /images/cst2trns.gif HTTP/1.1" 200 14721 "http://www.mjt.org/vistinfo/vistinfo.html" "Mozilla/4.0 (compatible; MSIE 6.0; Windows NT 5.1; SV1; .NET CLR 1.1.4322)" "www.mjt.org"
68.183.80.22 - - [27/Apr/2006:22:04:30 -0700] "GET /vistinfo/location.html HTTP/1.1" 200 2393 "http://www.mjt.org/vistinfo/vistinfo.html" "Mozilla/4.0 (compatible; MSIE 6.0; Windows NT 5.1; SV1; .NET CLR 1.1.4322)" "www.mjt.org"
207.151.142.233 - - [27/Apr/2006:22:04:48 -0700] "GET /new.html HTTP/1.1" 200 1471 "http://www.mjt.org/" "Mozilla/5.0 (Windows; U; Windows NT 5.1; en-US; rv:1.8.0.2) Gecko/20060308 Firefox/1.5.0.2" "www.mjt.org"
207.151.142.233 - - [27/Apr/2006:22:04:48 -0700] "GET /images/cst2trns.gif HTTP/1.1" 200 14721 "http://www.mjt.org/new.html" "Mozilla/5.0 (Windows; U; Windows NT 5.1; en-US; rv:1.8.0.2) Gecko/20060308 Firefox/1.5.0.2" "www.mjt.org"
207.151.142.233 - - [27/Apr/2006:22:05:12 -0700] "GET /images/back1lt.gif HTTP/1.1" 200 4612 "http://www.mjt.org/vistinfo/vistinfo.html" "Mozilla/5.0 (Windows; U; Windows NT 5.1; en-US; rv:1.8.0.2) Gecko/20060308 Firefox/1.5.0.2" "www.mjt.org"
207.151.142.233 - - [27/Apr/2006:22:05:20 -0700] "GET /vistinfo/location.html HTTP/1.1" 200 2393 "http://www.mjt.org/vistinfo/vistinfo.html" "Mozilla/5.0 (Windows; U; Windows NT 5.1; en-US; rv:1.8.0.2) Gecko/20060308 Firefox/1.5.0.2" "www.mjt.org"
68.183.80.22 - - [27/Apr/2006:22:05:22 -0700] "GET /membship/membship.html HTTP/1.1" 200 1952 "http://www.mjt.org/vistinfo/hrsdon.html" "Mozilla/4.0 (compatible; MSIE 6.0; Windows NT 5.1; SV1; .NET CLR 1.1.4322)" "www.mjt.org"
68.183.80.22 - - [27/Apr/2006:22:05:22 -0700] "GET /images/temp3b.gif HTTP/1.1" 200 5260 "http://www.mjt.org/membship/membship.html" "Mozilla/4.0 (compatible; MSIE 6.0; Windows NT 5.1; SV1; .NET CLR 1.1.4322)" "www.mjt.org"
68.183.80.22 - - [27/Apr/2006:22:05:22 -0700] "GET /images/belongtn.gif HTTP/1.1" 200 2589 "http://www.mjt.org/membship/membship.html" "Mozilla/4.0 (compatible; MSIE 6.0; Windows NT 5.1; SV1; .NET CLR 1.1.4322)" "www.mjt.org"
